 + 4. Let m be w(10). Suppose 2*y + 55 = g - 3*y, -m*g + y = -296. What are the prime factors of g?
3, 5
Let l = 1730 - 1200. Suppose -3*u + l = -5*t, 2*u + t = 4*u - 344. Suppose -4*o = -u + 2. What are the prime factors of o?
2, 3, 7
Suppose -m - 7 = -38. Suppose j + 1 = -1, h - m = 2*j. Let r = 54 - h. What are the prime factors of r?
3
Suppose 48083 + 9142 = 35*y. List the prime factors of y.
3, 5, 109
Let f(b) = b**3 - 2*b + 1. Let d be f(1). Suppose d = -5*w + 6*w - 80. Suppose 0 = -t - u + 23, 3*t = 4*u - 4 + w. List the prime factors of t.
2, 3
Suppose 0 = 3*g - 5*j - 15, 4*g - 28 = 4*j - 0*j. Let m = 33 + g. List the prime factors of m.
43
Suppose -d - 2*g + 62 = -35, 4*d = 4*g + 376. Let n = 74 + -139. Let j = d + n. What are the prime factors of j?
2, 3, 5
Suppose 3*n - z - 10 + 4 = 0, -4*n = -3*z - 3. Let p(y) = 2 + n - 3 + 25*y**2 - 2*y + 6*y**2. What are the prime factors of p(1)?
31
Let g be (-1)/(-2)*(3 + 1). Suppose -d + 6 = 3*h, 3*d - g*h + h = 48. List the prime factors of d.
3, 5
Let d = 24 + -24. Suppose d = -0*x + 5*x + z - 696, 5*z = -2*x + 260. What are the prime factors of x?
2, 5, 7
Let t = 1693 - 1105. What are the prime factors of t?
2, 3, 7
Suppose 0 = 8*b - 6*b. Let x(t) = t**2 - 2*t - 4. Let p be x(4). Suppose 3*j = -b*g + p*g - 177, -5*g = j - 226. List the prime factors of g.
3, 5
Let i = -105 - -303. List the prime factors of i.
2, 3, 11
Suppose 4*b + 3*x - 10132 = 0, -b = 9*x - 7*x - 2528. What are the prime factors of b?
2, 317
Let u(v) = v**3 + 18*v**2 - 29*v - 33. What are the prime factors of u(-15)?
3, 359
Let a = 208 + -100. Suppose -4*b - 8 = -a. List the prime factors of b.
5
Let b be (-274)/(-10) + 63/105. Let h = b + -31. What are the prime factors of (-4 + (-1 - h))*-11?
2, 11
Suppose -1031 - 295 = -4*f - 2*a, -f + 3*a = -321. What are the prime factors of f?
2, 3, 5, 11
Let u = -30 - -42. Suppose u = 3*y - 4*i, y + 5*i = -y + 8. Suppose -3*x + y = -8, 0 = -p - x + 39. What are the prime factors of p?
5, 7
Suppose 3*m + 21494 = 14*m. What are the prime factors of m?
2, 977
Let r = -1172 + 1379. List the prime factors of r.
3, 23
Suppose -2*s + 2*s = -3*s. Suppose -i + 2*d + 145 = 0, 4*d = -s*i - i + 115. What are the prime factors of i?
3, 5
Let k(m) = -89*m**3 - m**2 - m + 1. Let i = -24 + 23. What are the prime factors of k(i)?
2, 3, 5
Suppose -3*m - 60 = -3*g, -3*g - 12 = 4*m - 107. Suppose -59*d + 58*d = 17. Let t = g + d. List the prime factors of t.
2
Let h be 11/(3 - 7 - -3). Suppose 30 + 10 = -2*m. Let f = h - m. List the prime factors of f.
3
Suppose -3*x - r = -1020, -5*x - 14*r + 10*r + 1707 = 0. List the prime factors of x.
3, 113
Suppose -9 = 10*x - x. What are the prime factors of (3/x)/((-2)/148)?
2, 3, 37
Let m = -556 + 1551. List the prime factors of m.
5, 199
Suppose 2*y = y - 2*b + 1519, 4*y - 4*b = 6136. What are the prime factors of y?
11, 139
List the prime factors of 6/10 - 1654/(-10).
2, 83
Let s be ((-3)/(27/(-24)))/((-3)/(-9)). What are the prime factors of (-2028)/(-22) - s/44?
2, 23
Let b(j) = -j**2 - 2*j - 3. Let u be b(-1). Let t(p) = p + 10. Let l be t(-10). What are the prime factors of (4 + 0)/(l - u)?
2
Let w(q) = 5*q - 16. Let b(j) = -j + 23. Let p be b(9). List the prime factors of w(p).
2, 3
Suppose 2*m - 5*s - 47 = 0, m = -2*s + 7 + 3. Let q = m + -24. Let k(d) = d**3 + 9*d**2 + 7*d + 8. What are the prime factors of k(q)?
2
What are the prime factors of (3239 - -6*2/4) + -3?
41, 79
Let w be 4/10 + (-136)/(-85). Suppose w*q - 1 = 3. What are the prime factors of q?
2
Let t = -45 - -45. Suppose t = -2*u + 5*u - 93. List the prime factors of u.
31
Suppose 5*z - 3*a - 15509 = 0, -3*z + 4*z - 4*a = 3112. What are the prime factors of z?
2, 5, 31
Let i be (-72)/(-20) + 4/10. Let a be (-18)/(-8)*(-60)/(-45). Suppose -3*g - r + 58 = 0, g + a*r = i*g - 42. What are the prime factors of g?
2, 3
Suppose 5*t + 435 = 2205. What are the prime factors of t?
2, 3, 59
Suppose 4*c = -d - 314 + 1428, -5*c - 3*d = -1389. List the prime factors of c.
3, 31
Let s = 17 + -16. Let m(l) = 16*l**2 + 3*l - 2. Let k be m(s). Let r = 9 + k. What are the prime factors of r?
2, 13
Suppose 4*w - 2485 = -5*i, -5*w + 3*i - i = -3098. What are the prime factors of w?
2, 5, 31
Suppose -10 = -5*a + 10, -497 = 3*s + 4*a. Let q = 95 + s. Let l = q - -134. What are the prime factors of l?
2, 29
Let w(z) = -z**3 - 8*z**2 + 3*z + 21. Let q(t) = -t**3 + 20*t**2 - t + 10. Let j be q(20). What are the prime factors of w(j)?
191
Let x = -5 - -8. Suppose 0 = x*s + 2*v - 22, 5*s - s = 2*v + 6. Suppose -16 = s*d - 136. List the prime factors of d.
2, 3, 5
Let x(a) = a**2 + 5*a - 6*a - 7*a + 3. Let z(s) = s - 1. Let d be z(10). What are the prime factors of x(d)?
2, 3
Suppose -t = -2 + 1. Let u = 3 + 12. Suppose -h - t = -u. List the prime factors of h.
2, 7
Let v = 918 + -293. What are the prime factors of v?
5
Suppose 25 = -0*u + 5*u. Suppose -5*j + 800 = 2*r, u*r - 2*r = 15. What are the prime factors of j?
2, 79
Let n = 314 + 140. List the prime factors of n.
2, 227
Let f be -3 - 257/(-2)*2. Suppose 491 = 5*d - f. List the prime factors of d.
149
Suppose -6*h - 225 = 159. Let g = h - -191. List the prime factors of g.
127
Let u(c) = 2*c**3 - c. Let k be u(-1). Let b be -4 - (-2 + k) - -3. Suppose 60 = b*i + 8. List the prime factors of i.
2, 13
Let o(u) = -44*u + 1. Let w(i) = -i + 1. Let d(p) = -o(p) - 3*w(p). What are the prime factors of d(2)?
2, 3, 5
Let p(i) = 10*i - 5. Let s = -87 - -96. What are the prime factors of p(s)?
5, 17
Suppose 19 - 15 = 2*z. Suppose -z*k + 3*a = -120, 0 = -5*k + 3*k + 5*a + 116. List the prime factors of k.
3, 7
Let d(p) = 10*p**2 + 17*p - 4. List the prime factors of d(8).
2, 193
Suppose f - 7 = 4*i + 4, 5*f = i + 17. Suppose -5*b + n + f*n + 1366 = 0, -4*n + 4 = 0. What are the prime factors of b?
2, 137
Let t = 917 + -518. List the prime factors of t.
3, 7, 19
Suppose 0 = 9*k + 165 - 39. List the prime factors of (0 + -2)/14 + (-3264)/k.
233
Let z = 783 - 783. Let c be 0/(-2) + (0 - -3). Suppose -c*r + z = -9. List the prime factors of r.
3
Let y(w) = 549*w**2 - 4*w - 3. What are the prime factors of y(-1)?
2, 5, 11
Let a(x) = -3*x + 16. Let r be a(8). List the prime factors of (-862)/r + (-5)/(-20).
2, 3
Let v be 0/(-6*3/6). Suppose -3*o = 3*i - v*o - 282, 0 = -3*o + 9. List the prime factors of i.
7, 13
Let k(p) = 51*p**2 - 16*p + 50. List the prime factors of k(4).
2, 401
Let j = 1776 - -2138. List the prime factors of j.
2, 19, 103
Suppose -222*c + 167*c + 44440 = 0. What are the prime factors of c?
2, 101
Let b(a) = -504*a - 289. List the prime factors of b(-5).
23, 97
Let n be ((-7)/(-14)*(1 - 1))/(-1). What are the prime factors of (-3 + 102/3)*(n - -4)?
2, 31
Let n(h) = -224*h + 12. Let s be n(3). List the prime factors of -4*(18/(-8))/((-36)/s).
3, 5, 11
Suppose 3*o - 20 = -5*g, -5*g - o = o - 20. Suppose 2*b - 278 = -7*w + 2*w, -g*b = 4. What are the prime factors of w?
2, 7
What are the prime factors of 1 + (-78)/((-30)/(-5))*-11?
2, 3
Let z(k) = 16*k + 40. Let i(o) = 11*o + 27. Let m(a) = -8*i(a) + 5*z(a). What are the prime factors of m(-16)?
2, 7
Suppose -4*s = -6*s + 4, -2*o = -3*s - 4. Suppose 1 - o = -w. Suppose -w*g = -8*g - 3*m + 109, 0 = 4*m + 20. What are the prime factors of g?
31
Let u = -26 + 183. Let q = u - 95. List the prime factors of q.
2, 31
Let i = 191 + -189. Suppose -17 = -6*q + q + 2*d, 0 = 5*q + 5*d - 10. Suppose -12 = -q*t + 3*l - 2*l, 4*t - i*l = 16. List the prime factors of t.
2
Let t(w) be the third derivative of 13*w**5/5 + w**4/8 + w**3/3 + w**2. What are the prime factors of t(-1)?
5, 31
Suppose 22*x - 283 = 1125. List the prime factors of x.
2
Suppose -q + 10 = 5*d - 4, -q = -5*d - 24. Suppose -180 = -5*o - m, -3*o - 5*m + 1 + 107 = 0. Suppose 5*x - q = o. What are the prime factors of x?
11
Let l = -363 + 116. Let m = 366 + l. List the prime factors of (-121)/(-7) + (-34)/m.
17
Suppose -25 = 2*h + 3*h. Let y(u) = u**3 + 11*u**2 + 2*u - 10. Let q be y(-10). List the prime factors of q/(-4)*(h - -3).
5, 7
Let w(i) = 2*i - 26. Let t be w(14). Suppose 5*g - 129 = f - 4*f, -5*f + t*g = -246. List the prime factors of f.
2, 3
Let g(j) = -j**3 + 11*j**2 + 14*j + 13. Suppose -p + 2*u = 5, 5*u + 37 = -3*p + p. Let r = 23 + p. Wha